11047313
What are the prime factors of 3297717417?
3, 1099239139
What are the prime factors of 632311417?
139, 4549003
What are the prime factors of 4875076960?
2, 5, 13, 2343787
List the prime factors of 407169265.
5, 81433853
What are the prime factors of 33223009?
29, 1145621
What are the prime factors of 154965268?
2, 17, 134053
List the prime factors of 43604124.
2, 3, 101, 35977
What are the prime factors of 2007690129?
3, 487, 458063
List the prime factors of 93147539.
17, 23, 238229
List the prime factors of 54069988.
2, 7, 131, 14741
What are the prime factors of 2002953634?
2, 11, 17, 37, 53, 2731
List the prime factors of 202966972.
2, 13, 300247
List the prime factors of 53516070.
2, 3, 5, 41, 14503
List the prime factors of 3046154140.
2, 5, 152307707
What are the prime factors of 179617643?
673, 266891
What are the prime factors of 58405201?
107, 545843
List the prime factors of 33190234.
2, 7, 11, 215521
What are the prime factors of 138603867?
3, 947, 48787
What are the prime factors of 28046103?
3, 29, 31, 10399
What are the prime factors of 1914001903?
11, 174000173
What are the prime factors of 676014377?
676014377
List the prime factors of 637303972.
2, 159325993
What are the prime factors of 7113544521?
3, 5227, 453641
What are the prime factors of 2447145941?
13901, 176041
What are the prime factors of 1040134979?
13, 80010383
List the prime factors of 2720520.
2, 3, 5, 11, 229
List the prime factors of 2635790.
2, 5, 229, 1151
What are the prime factors of 284129193?
3, 313, 302587
List the prime factors of 46941375.
3, 5, 13, 9629
List the prime factors of 4478888651.
4478888651
List the prime factors of 561215673.
3, 19, 47, 69829
List the prime factors of 4493168.
2, 17, 16519
What are the prime factors of 115800428?
2, 103, 281069
List the prime factors of 1931368361.
13, 29, 521, 9833
What are the prime factors of 1447793378?
2, 73, 135841
What are the prime factors of 138353709?
3, 13, 272887
List the prime factors of 3811818968.
2, 476477371
List the prime factors of 607760148.
2, 3, 50646679
List the prime factors of 163597347.
3, 829, 7309
What are the prime factors of 5767759624?
2, 11, 19, 41, 84137
What are the prime factors of 496187824?
2, 11, 157, 17957
List the prime factors of 2431465202.
2, 8837, 137573
What are the prime factors of 3215496953?
569, 5651137
What are the prime factors of 3058605013?
113, 313, 86477
List the prime factors of 1071502871.
1601, 669271
List the prime factors of 5301440494.
2, 7, 179, 2115499
What are the prime factors of 1373836231?
1373836231
What are the prime factors of 135534508?
2, 383, 88469
What are the prime factors of 149623107?
3, 181, 275549
What are the prime factors of 80203197?
3, 47, 151, 3767
What are the prime factors of 173293288?
2, 7, 3094523
What are the prime factors of 3836682589?
2543, 1508723
List the prime factors of 69010081.
7, 53, 26573
What are the prime factors of 819909467?
13, 63069959
List the prime factors of 88227612.
2, 3, 11, 31, 7187
What are the prime factors of 6906912?
2, 3, 71947
What are the prime factors of 168917467?
19, 179, 49667
What are the prime factors of 217025749?
313, 693373
List the prime factors of 112726613.
1559, 72307
What are the prime factors of 2319807197?
6011, 385927
What are the prime factors of 121967794?
2, 13, 29, 161761
What are the prime factors of 465161470?
2, 5, 71, 655157
List the prime factors of 34712834.
2, 13, 67, 19927
What are the prime factors of 1468816925?
5, 2389, 24593
What are the prime factors of 581408667?
3, 7, 127, 1483
List the prime factors of 1557508721.
53, 29386957
What are the prime factors of 450855324?
2, 3, 12523759
What are the prime factors of 681968268?
2, 3, 383, 16487
List the prime factors of 542794835.
5, 11, 367, 26891
List the prime factors of 27731968.
2, 11, 1231
List the prime factors of 43518862.
2, 21759431
What are the prime factors of 25304451?
3, 59, 142963
List the prime factors of 45963199.
71, 223, 2903
What are the prime factors of 143982457?
733, 196429
What are the prime factors of 60500907?
3, 379, 17737
List the prime factors of 217786019.
11, 19798729
What are the prime factors of 59669977?
59669977
What are the prime factors of 754777890?
2, 3, 5, 23, 364627
List the prime factors of 6297571915.
5, 41, 89, 181, 1907
What are the prime factors of 699216423?
3, 179, 1302079
List the prime factors of 310850984.
2, 17, 2285669
What are the prime factors of 3103901617?
19, 277, 589759
List the prime factors of 233528246.
2, 7, 23, 229, 3167
What are the prime factors of 288936786?
2, 3, 48156131
List the prime factors of 34471596.
2, 3, 503, 5711
List the prime factors of 37604026.
2, 18802013
List the prime factors of 608543504.
2, 38033969
What are the prime factors of 452320306?
2, 6971, 32443
List the prime factors of 3117827.
3117827
List the prime factors of 2648424588.
2, 3, 220702049
List the prime factors of 3405087254.
2, 1702543627
List the prime factors of 11819559.
3, 29, 103, 1319
What are the prime factors of 2772507?
3, 881, 1049
What are the prime factors of 3205763492?
2, 659, 1216147
List the prime factors of 1017163582.
2, 67, 503, 15091
What are the prime factors of 36533364?
2, 3, 7, 434921
What are the prime factors of 86334712?
2, 43, 113, 2221
What are the prime factors of 502777712?
2, 4051, 7757
What are the prime factors of 20985372?
2, 3, 194309
List the prime factors of 96983800.
2, 5, 173, 2803
List the prime factors of 73364468.
2, 18341117
List the prime factors of 68836859.
7, 13, 17, 44497
List the prime factors of 650589749.
167, 3895747
List the prime factors of 46135250.
2, 5, 7, 41, 643
What are the prime factors of 59621345?
5, 7, 1703467
List the prime factors of 858983470.
2, 5, 85898347
What are the prime factors of 60356919?
3, 7, 17, 169067
What are the prime factors of 34162997?
11, 79, 39313
List the prime factors of 3496419047.
11, 167, 263, 7237
What are the prime factors of 43437187?
43437187
List the prime factors of 114648884.
2, 7, 17, 240859
List the prime factors of 1230333145.
5, 246066629
List the prime factors of 22305229.
1151, 19379
What are the prime factors of 4135459621?
4357, 949153
What are the prime factors of 4764946172?
2, 7, 170176649
What are the prime factors of 47944190?
2, 5, 7, 23, 97, 307
What are the prime factors of 380150017?
13, 29242309
List the prime factors of 68386539.
3, 13, 593, 2957
What are the prime factors of 1894395578?
2, 17, 3277501
List the prime factors of 3133443777.
3, 1044481259
List the prime factors of 99715723.
59, 1690097
List the prime factors of 91257002.
2, 659, 69239
List the prime factors of 67674134.
2, 11, 3076097
What are the prime factors of 22721813?
109, 208457
List the prime factors of 5658969791.
79, 193, 371153
What are the prime factors of 1454124222?
2, 3, 61, 107, 12377
What are the prime factors of 106192335?
3, 5, 7079489
List the prime factors of 859819393.
8563, 100411
What are the prime factors of 4877066060?
2, 5, 463, 526681
List the prime factors of 45909327.
3, 15303109
List the prime factors of 849758808.
2, 3, 307, 115331
List the prime factors of 2483568214.
2, 71, 1409, 12413
List the prime factors of 434768218.
2, 23, 9451483
List the prime factors of 1982221822.
2, 7, 141587273
List the prime factors of 1200572700.
2, 3, 5, 47, 85147
What are the prime factors of 2308583260?
2, 5, 101, 1142863
What are the prime factors of 4300728765?
3, 5, 17, 1151, 14653
What are the prime factors of 69357606?
2, 3, 881, 13121
List the prime factors of 2083386.
2, 3, 23, 31, 487
List the prime factors of 150046287.
3, 19, 2632391
What are the prime factors of 67072914?
2, 3, 349, 3559
List the prime factors of 97584042.
2, 3, 16264007
List the prime factors of 214822061.
214822061
What are the prime factors of 1181098523?
11, 107372593
List the prime factors of 179962142.
2, 89981071
List the prime factors of 1087584192.
2, 3, 83, 7583
List the prime factors of 87516121.
7, 11, 79, 14387
List the prime factors of 604141974.
2, 3, 19, 293, 6029
List the prime factors of 925451091.
3, 31, 1399, 2371
What are the prime factors of 4787995872?
2, 3, 11, 17, 266711
What are the prime factors of 320910433?
29, 11065877
What are the prime fac